11*h - 22. Let y(z) = 3*z**2 - 15*z + 28. Let t(f) = 4*b(f) + 3*y(f). What is t(0)?
-4
Let x(f) = 222*f - 19. Let c be x(0). Let w(b) = -b**3 - 18*b**2 + 22*b - 20. What is w(c)?
-77
Let r(x) = 154*x + 158*x + 8 - 313*x. Let l be (10/8)/(1 - 11/12). Determine r(l).
-7
Suppose -37*c - 470 = -2*c - 120. Let w(h) = -h**3 - 12*h**2 - 20*h - 22. What is w(c)?
-22
Let a(w) = -11*w**2 + 46*w + 29. Let z(t) = -7*t**2 + 30*t + 16. Let k(c) = 5*a(c) - 8*z(c). Give k(6).
-7
Let f(m) = -5*m - 54. Let s(z) = -46*z + 81. Let n be s(2). Give f(n).
1
Suppose 5*r = -3 + 43. Let u(v) = 4*v**2 - 7*v - 277. Let a(i) = 3*i**2 - 7*i - 187. Let t(k) = -3*a(k) + 2*u(k). Calculate t(r).
-1
Suppose -5*z = -0*z - 2*h - 34, -5*z = 2*h - 46. Let v(c) = -9 + c + z - c**2 + c**3 + 13. Suppose -2*o = 5*a - 2, 4*a + 16*o = 18*o - 2. Calculate v(a).
12
Let d(g) be the second derivative of -g**5/60 - 3*g**4/8 - g**3/2 - 51*g**2/2 + 59*g. Let z(c) be the first derivative of d(c). What is z(-9)?
-3
Let d(t) be the third derivative of t**6/120 - t**5/12 - 5*t**4/24 - 19*t**3/6 - t**2 - 2*t - 401. What is d(6)?
-13
Let f(v) = -6*v**2 - 33*v - 18. Let a(k) = 34*k + 743. Let s be a(-22). What is f(s)?
-3
Let x(b) = -9*b + 43. Let q be x(3). Suppose -h = 4, 5*h = p - 9 - q. Let o(a) = a**3 - 4*a**2 - 3*a - 4. Calculate o(p).
6
Let u = 1439 + -1439. Let r(w) = 5*w + 163. Determine r(u).
163
Suppose 34 - 4 = 3*h. Let l(a) = -19*a + 2 - 2 - 9 - a**3 - 7*a**2 + h*a. Determine l(-6).
9
Suppose -8*x - 5 = -12*x - 3*j, x - 4*j = 6. Let n(v) = -9*v - 7. What is n(x)?
-25
Let d(n) be the third derivative of -1/12*n**4 - 12*n**2 - 3/10*n**5 - 1/6*n**3 + 0 - 4*n. Give d(-1).
-17
Suppose 570*k - 347 = 1363. Let n(t) = 38*t + 8. Calculate n(k).
122
Let v be (14/(-3))/((-56)/42)*2. Let h(x) = -3*x**2 + 1. Let b(w) = 16*w**2 - 9*w - 8. Let l(a) = b(a) + 5*h(a). What is l(v)?
-17
Let g(f) = -f**2 + f + 9. Let r(j) = -j**2 + j + 8. Suppose 7*h + 74 - 207 = 0. Let a be (-4)/(-6) - h/(-3). Let s(u) = a*r(u) - 6*g(u). Calculate s(-3).
-10
Let c(z) be the first derivative of z**3/3 - 9*z**2/2 + 7*z - 7816. Let r(b) = -b**3 + b**2 + b + 10. Let j be r(0). Calculate c(j).
17
Let h(d) = 2*d**3 + d**2. Let t be (-6)/(-63)*69 - 8/14. Let o be (-48)/9 + 5 - 4/t. What is h(o)?
-1
Let g(o) be the third derivative of -o**5/60 + 5*o**4/24 + o**3/2 + 5*o**2. Let k = -17125 + 17130. What is g(k)?
3
Let j be 10 - (0 + (-12)/(-2)) - -34. Let t(p) = -2*p**2 + 75*p + 30. Calculate t(j).
-8
Let o be ((-3)/(-6))/(11/286). Let l(i) = 13*i - 174. What is l(o)?
-5
Suppose 0 = 2*f + 2 - 0. Let v(l) = -1 + 10*l - 4*l + 1 + 4 + 1. Let p(k) = -k - 1. Let z(j) = f*v(j) - 5*p(j). Give z(-1).
1
Let l = -116 - -118. Let q(d) = 5 + 2*d**l + 77*d - d**2 - 1 - 79*d. Suppose -15 = -3*u + 2*y, -2*u + 7*u - 4*y = 27. Give q(u).
7
Suppose -14*y - 5*w = -18*y - 22, 10*y - 4*w + 4 = 0. Let c(s) = -44*s + 86. What is c(y)?
-2
Let n(h) be the first derivative of h**4/2 - h**2 - 1737. Determine n(-2).
-12
Let p(d) = -12*d - 5. Let v = -5697 - -5692. What is p(v)?
55
Let g = -60 - -81. Suppose 0 = 6*w - g - 27. Let j(l) = -w*l**2 - 6*l**2 - 1 + 13*l**2 + l. Give j(1).
-1
Let u(m) = 5 - 8*m + 3*m**2 - 2*m**2 + 3*m - 2. Let p = -68 + 70. Suppose -p*b - b = -6. Give u(b).
-3
Let b(p) = 10*p - 724. Let k(w) = 19*w - 1207. Let m(c) = -5*b(c) + 3*k(c). Let a = 2 - 1. Calculate m(a).
6
Suppose -3*i + i = -292. Let t(o) = 2*o + i - o**3 + 151 - 296. Let h be (-1 + 2 - -1)*-1. Give t(h).
5
Let s(r) = -r**3 + 16*r**2 - 65*r + 6. Let v be s(8). Let z(l) = -4*l - 3. Calculate z(v).
5
Let z be (28 - 2) + -4 + -18. Let s(w) = -w. Let y(j) = -j + 1. Let d(f) = -2*s(f) + 4*y(f). Calculate d(z).
-4
Let j(g) = 5*g + 6. Let u = -1166 - -1168. Let v(r) = -7*r - 7. Let x(p) = -p**2 - 9*p + 13. Let d be x(-10). Let f(i) = d*j(i) + u*v(i). What is f(7)?
11
Suppose -1 = -0*r - r. Let d be r + (6 - 10) + 0. Let c(h) = -h**3 - 4*h**2 + 2*h + 1. Calculate c(d).
-14
Suppose 466*w + 200 = 476*w. Let v(d) = 10*d - 193. Calculate v(w).
7
Let t be 1 - ((12/4)/(-3) - 0). Suppose 5*s + 30 + t = -4*x, 3*s + 24 = -3*x. Let w = -2 - x. Let a(z) = 2*z - 2. What is a(w)?
10
Let d(l) = 29*l - 140. Let r be d(5). Let i(j) be the second derivative of -j**4/12 + 2*j**3/3 + j**2 + 4*j. Calculate i(r).
-3
Let w be (66/8 - 6)/(3/8). Let k(v) = -v**2 + 0*v**2 - 24*v - w + 21*v. Let r(g) = -2*g**2 - 3*g - 2. Let m be r(-2). Give k(m).
-10
Let w(q) = 590*q**2 + q**3 - 295*q**2 - 3 + 3*q - 292*q**2. Let j be 2/(1 + -4 + 2). Let p be (2/j)/((-1)/(-3)). Give w(p).
-12
Let l(r) = -r**2 - 12*r - 17. Let h be l(-8). Suppose -h*j - 156 = -19*j. Let y(z) = 24*z**2 - 3 + 4*z - j*z**2 + 16*z**2. Determine y(-6).
9
Let u(v) = -20 + 3*v - 22 - 11*v. Let s be u(-6). Suppose 5*k + s*k = -44. Let f(b) = b**3 + 3*b**2 - 2*b - 1. Calculate f(k).
-9
Let t(h) = -15*h**2 + 3*h + 1. Let q(i) = 152*i**2 - 16*i - 6. Let p(c) = -q(c) - 10*t(c). Calculate p(-3).
20
Let g(c) be the second derivative of c**3/2 - c**2/2 + 2*c. Let h be (-207)/(-63) - 2/7. Suppose 0*x = h*x - 3*a, 9 = -5*x - 4*a. Determine g(x).
-4
Let l(g) = 60*g - 9. Let y(s) = -2 - 4 + 25*s + 49*s - 31*s. Let x(d) = -5*l(d) + 7*y(d). Give x(-1).
2
Let f(d) = -10*d. Let o be (16 + -4)*2/(-6). Let z(c) = c. Let j(a) = o*f(a) - 24*z(a). Let g be 7/28 - 10/8. What is j(g)?
-16
Let h(m) = -24*m**3 - 2*m**2 + 1. Let r = 627 + -658. Let b(n) = 2*n**3 + 63*n**2 + 32*n + 32. Let f be b(r). Calculate h(f).
-25
Let w(h) = -3*h + 2. Let o = 9 + -13. Let r(s) = 9*s - 5. Let u(c) = o*r(c) - 11*w(c). Let y(x) = 813*x + 10572. Let j be y(-13). Give u(j).
-11
Let p(j) = 23*j**2 - 86*j - 30. Let g be p(4). Let c(i) = 6*i + 54. Determine c(g).
18
Let b(v) = 5*v**3 - 15*v**2 + 11*v - 7. Let t(j) = -3*j**3 + 13*j**2 - 11*j + 6. Let q(m) = 2*b(m) + 3*t(m). Determine q(-10).
14
Let b(g) = -5*g + 0 + 11*g - 6 - 3 + 8. Give b(3).
17
Suppose 0 = 32*q + 310 - 790. Let s(m) = 7*m - 70. Determine s(q).
35
Let m(s) = 84*s - 3923. Let x be m(47). Let v(f) = f**3 - 20*f**2 - 130*f + 119. Give v(x).
-6
Let x(o) be the third derivative of 2/15*o**5 + 0*o + 1/3*o**3 + 5/24*o**4 - 12*o**2 + 0 + 1/120*o**6. Let y be (-9)/6*112/24. Give x(y).
16
Let r(l) = 290*l**2 + 0 + 4 - 289*l**2 + 11*l + 3. Calculate r(-8).
-17
Let a(k) be the third derivative of -k**4/24 - 3*k**3 + 764*k**2. Determine a(11).
-29
Let n(h) = h**2 - 8*h + 10. Let c(l) = l**2 + 2*l - 113. Let d be -21 - -5 - 12/(-3). Let x be c(d). Give n(x).
3
Let h(n) be the second derivative of 3*n**3 - 92*n**2 - 7*n + 406. Give h(11).
14
Let x(t) = 15*t**2 + 21*t - 16. Let h(w) = w**2 - 2*w - 1. Let q(y) = 10*y**2 + 4*y - 10. Let c(o) = -3*h(o) + q(o). Let u(k) = 13*c(k) - 6*x(k). What is u(-6)?
17
Let k(w) be the second derivative of w**3 + 3*w - 26. Let d(r) = 32*r - 2. Let c(b) = -d(b) + 5*k(b). Give c(7).
-12
Let d(p) = p**2 + 8*p - 10. Let k(j) = 2*j**3 + 7*j**2 - 33*j - 16. Let o be k(-6). Give d(o).
10
Let t(z) = -39*z**3 + 21*z**2 + 19*z - 10. Let i(q) = -86*q**3 + 41*q**2 + 39*q - 20. Let w(a) = -4*i(a) + 9*t(a). Give w(4).
2
Let b = -1700 + 1703. Let l(f) be the second derivative of -18*f - 11/20*f**5 + 1/6*f**b + 0 + 0*f**2 - 1/12*f**4. Calculate l(1).
-11
Let k be 5 + (-5)/8 - (-24)/(-64). Suppose -4*l = 3*s - 15, -2*s + l - 3 = -2. Let f be s/4 - (-7)/k. Let n(p) = -p**3 + 3*p**2 - p + 1. What is n(f)?
3
Let a(s) = 10*s. Suppose 0 = 15*x - 2*x + 364. Let h be (-54)/(-42) - (-8)/x. Give a(h).
10
Let t be 800/(-80)*(143/130 + 6/(-4)). Let f(s) be the second derivative of 1/3*s**t + 0 + 1/2*s**2 + 1/6*s**3 - 21*s. Determine f(-1).
4
Let s(b) = -4*b - 62. Let j be s(-18). Let o(g) = g**3 - 3*g + 2*g**2 + 1 - 4 + j + 2*g**2. Calculate o(-5).
-3
Let l(f) be the second derivative of f**3/3 + 6*f**2 + 13*f + 2. Let n(g) = -g**2 + 5*g + 17. Let m be n(8). Determine l(m).
-2
Let t = 52 - -33. Let g(d) = -41 - 38 + d + t. Calculate g(-5).
1
Let a(u) = 23*u**2 - 17*u + 1. Let w(y) = 19*y**2 - 13*y + 1. Let g(o) = -4*a(o) + 5*w(o). What is g(2)?
19
Let w(o) = -4*o + 56. Suppose -5*j = -3*j + 2, -5*t - 3*j = -72. Let x be w(t). Let s(z) = -4*z**2 + 0*z**3 - z**3 + z + 0*z**3. Determine s(x).
-4
Let m(l) = 3*l + 7. Suppose -5*k + 74 = 4*y, 3*k + 15*y - 17*y - 62 = 0. Suppose -k*h - 5*h = 115. Calculate m(h).
-8
Let j be -4*((-38)/(